en 44 is divided by 23.
21
What is the remainder when 267 is divided by 27?
24
What is the remainder when 68893 is divided by 38?
37
Calculate the remainder when 407 is divided by 130.
17
Calculate the remainder when 190 is divided by 94.
2
What is the remainder when 413 is divided by 189?
35
Calculate the remainder when 409 is divided by 12.
1
What is the remainder when 182 is divided by 12?
2
Calculate the remainder when 148 is divided by 133.
15
Calculate the remainder when 814 is divided by 256.
46
What is the remainder when 532 is divided by 26?
12
Calculate the remainder when 4945 is divided by 34.
15
What is the remainder when 173 is divided by 57?
2
What is the remainder when 441 is divided by 6?
3
What is the remainder when 1437 is divided by 24?
21
Calculate the remainder when 873 is divided by 146.
143
What is the remainder when 522 is divided by 170?
12
What is the remainder when 127 is divided by 98?
29
What is the remainder when 12826 is divided by 4?
2
What is the remainder when 339 is divided by 30?
9
Calculate the remainder when 138 is divided by 7.
5
Calculate the remainder when 1974 is divided by 25.
24
Calculate the remainder when 424 is divided by 61.
58
What is the remainder when 180 is divided by 14?
12
Calculate the remainder when 84 is divided by 23.
15
What is the remainder when 152 is divided by 93?
59
What is the remainder when 155 is divided by 24?
11
Calculate the remainder when 178 is divided by 33.
13
What is the remainder when 79 is divided by 48?
31
Calculate the remainder when 263 is divided by 8.
7
What is the remainder when 531 is divided by 23?
2
What is the remainder when 69 is divided by 33?
3
What is the remainder when 97 is divided by 19?
2
Calculate the remainder when 2861 is divided by 27.
26
Calculate the remainder when 3948 is divided by 13.
9
Calculate the remainder when 823 is divided by 25.
23
What is the remainder when 32590 is divided by 291?
289
What is the remainder when 602 is divided by 44?
30
What is the remainder when 1343 is divided by 268?
3
Calculate the remainder when 635 is divided by 216.
203
What is the remainder when 43 is divided by 3?
1
Calculate the remainder when 2941 is divided by 9.
7
What is the remainder when 1422 is divided by 15?
12
Calculate the remainder when 2116 is divided by 985.
146
What is the remainder when 597 is divided by 145?
17
What is the remainder when 1188 is divided by 17?
15
Calculate the remainder when 5842 is divided by 5.
2
What is the remainder when 242 is divided by 41?
37
What is the remainder when 701 is divided by 148?
109
Calculate the remainder when 1432 is divided by 1420.
12
What is the remainder when 179 is divided by 46?
41
What is the remainder when 1461 is divided by 8?
5
What is the remainder when 65 is divided by 7?
2
What is the remainder when 373 is divided by 15?
13
Calculate the remainder when 177 is divided by 15.
12
Calculate the remainder when 1145 is divided by 235.
205
What is the remainder when 736 is divided by 68?
56
What is the remainder when 69 is divided by 25?
19
What is the remainder when 1140 is divided by 543?
54
Calculate the remainder when 1656 is divided by 826.
4
Calculate the remainder when 4651 is divided by 26.
23
What is the remainder when 807 is divided by 54?
51
What is the remainder when 437 is divided by 11?
8
What is the remainder when 90168 is divided by 71?
69
Calculate the remainder when 14831 is divided by 12.
11
What is the remainder when 1045 is divided by 521?
3
What is the remainder when 181 is divided by 49?
34
What is the remainder when 372 is divided by 91?
8
What is the remainder when 462 is divided by 449?
13
What is the remainder when 3640 is divided by 1819?
2
Calculate the remainder when 1137 is divided by 318.
183
Calculate the remainder when 207 is divided by 20.
7
Calculate the remainder when 128 is divided by 22.
18
What is the remainder when 8084 is divided by 77?
76
Calculate the remainder when 43 is divided by 9.
7
Calculate the remainder when 70 is divided by 21.
7
What is the remainder when 1651 is divided by 335?
311
Calculate the remainder when 3923 is divided by 1300.
23
Calculate the remainder when 142 is divided by 52.
38
Calculate the remainder when 166 is divided by 8.
6
Calculate the remainder when 225 is divided by 116.
109
What is the remainder when 151 is divided by 31?
27
What is the remainder when 261 is divided by 67?
60
Calculate the remainder when 728 is divided by 3.
2
What is the remainder when 8207 is divided by 38?
37
What is the remainder when 293 is divided by 155?
138
Calculate the remainder when 154 is divided by 59.
36
What is the remainder when 311 is divided by 9?
5
Calculate the remainder when 148 is divided by 147.
1
What is the remainder when 1672 is divided by 219?
139
Calculate the remainder when 77 is divided by 3.
2
What is the remainder when 933 is divided by 47?
40
Calculate the remainder when 489 is divided by 28.
13
What is the remainder when 76 is divided by 16?
12
What is the remainder when 231 is divided by 61?
48
What is the remainder when 132 is divided by 28?
20
Calculate the remainder when 2107 is divided by 16.
11
Calculate the remainder when 797 is divided by 257.
26
Calculate the remainder when 87 is divided by 6.
3
Calculate the remainder when 2206 is divided by 57.
40
What is the remainder when 608 is divided by 45?
23
Calculate the remainder when 1440 is divided by 76.
72
What is the remainder when 120 is divided by 22?
10
Calculate the remainder when 77 is divided by 26.
25
What is the remainder when 26 is divided by 7?
5
What is the remainder when 62 is divided by 9?
8
What is the remainder when 220 is divided by 82?
56
What is the remainder when 71 is divided by 19?
14
What is the remainder when 2366 is divided by 9?
8
Calculate the remainder when 918 is divided by 191.
154
Calculate the remainder when 459 is divided by 41.
8
What is the remainder when 411 is divided by 144?
123
Calculate the remainder when 1083 is divided by 345.
48
What is the remainder when 196 is divided by 25?
21
Calculate the remainder when 8 is divided by 3.
2
Calculate the remainder when 258 is divided by 52.
50
Calculate the remainder when 875 is divided by 34.
25
What is the remainder when 436 is divided by 32?
20
What is the remainder when 1032 is divided by 208?
200
What is the remainder when 142 is divided by 118?
24
Calculate the remainder when 342 is divided by 45.
27
What is the remainder when 64 is divided by 13?
12
What is the remainder when 42 is divided by 5?
2
What is the remainder when 75 is divided by 7?
5
Calculate the remainder when 5515 is divided by 12.
7
What is the remainder when 763 is divided by 86?
75
Calculate the remainder when 2369 is divided by 108.
101
Calculate the remainder when 9046 is divided by 124.
118
What is the remainder when 462 is divided by 29?
27
Calculate the remainder when 2807 is divided by 401.
0
Calculate the remainder when 1485 is divided by 427.
204
Calculate the remainder when 155 is divided by 82.
73
What is the remainder when 687 is divided by 108?
39
What is the remainder when 138 is divided by 12?
6
Calculate the remainder when 8607 is divided by 32.
31
What is the remainder when 5905 is divided by 348?
337
Calculate the remainder when 1616 is divided by 15.
11
What is the remainder when 521 is divided by 33?
26
Calculate the remainder when 1243 is divided by 43.
39
What is the remainder when 99 is divided by 43?
13
What is the remainder when 3201 is divided by 89?
86
Calculate the remainder when 157 is divided by 20.
17
What is the remainder when 7498 is divided by 125?
123
Calculate the remainder when 41 is divided by 23.
18
Calculate the remainder when 18 is divided by 17.
1
What is the remainder when 7133 is divided by 17?
10
What is the remainder when 150 is divided by 134?
16
Calculate the remainder when 85 is divided by 57.
28
Calculate the remainder when 44 is divided by 28.
16
What is the remainder when 2325 is divided by 166?
1
What is the remainder when 1032 is divided by 206?
2
What is the remainder when 442 is divided by 211?
20
What is the remainder when 32 is divided by 18?
14
Calculate the remainder when 1727 is divided by 133.
131
Calculate the remainder when 550 is divided by